{"id":882,"date":"2018-08-29T15:54:00","date_gmt":"2018-08-29T18:54:00","guid":{"rendered":"https:\/\/isfd97-bue.infd.edu.ar\/sitio\/datos-institucionales\/"},"modified":"2024-12-03T20:36:35","modified_gmt":"2024-12-03T23:36:35","slug":"datos-institucionales","status":"publish","type":"page","link":"https:\/\/isfd97-bue.infd.edu.ar\/sitio\/datos-institucionales\/","title":{"rendered":"Datos institucionales"},"content":{"rendered":"<blockquote><p><strong><span style=\"font-family: verdana; font-size: 10pt;\">Instituto Superior de Formaci\u00f3n Docente N\u00b0 97<\/span><\/strong><\/p>\n<p><em><span style=\"font-family: verdana; font-size: 10pt;\">Horarios de atenci\u00f3n: de lunes a viernes de 18:00 a 20:00 hs.<\/span><\/em><\/p>\n<p><em><span style=\"font-family: verdana; font-size: 10pt;\">Direcci\u00f3n: Calle 8 esquina 58 &#8211; La Plata<\/span><\/em><\/p>\n<p><em><span style=\"font-family: verdana; font-size: 10pt;\">Tel\u00e9fono:\u00a0\u00a0482-0080 &#8211; 421-6514 (Direcci\u00f3n)<\/span><\/em><\/p>\n<p><em><span style=\"font-family: verdana; font-size: 10pt;\">Correo de consultas:<strong> secretariaisfd97@gmail.com<\/strong><\/span><\/em><span style=\"font-family: verdana; font-size: 10pt;\"><strong>\u00a0 \u00a0<\/strong> \u00a0 \u00a0 \u00a0 \u00a0 \u00a0 \u00a0 \u00a0 \u00a0 \u00a0 \u00a0 \u00a0 \u00a0<\/span><\/p>\n<p><span style=\"font-family: verdana; font-size: 10pt;\">\u00a0<\/span><\/p><\/blockquote>\n","protected":false},"excerpt":{"rendered":"<p>Instituto Superior de Formaci\u00f3n Docente N\u00b0 97 Horarios de atenci\u00f3n: de lunes a viernes de 18:00 a 20:00 hs. Direcci\u00f3n: Calle 8 esquina 58 &#8211; La Plata Tel\u00e9fono:\u00a0\u00a0482-0080 &#8211; 421-6514 (Direcci\u00f3n) Correo de consultas: secretariaisfd97@gmail.com\u00a0 \u00a0 \u00a0 \u00a0 \u00a0 \u00a0 \u00a0 \u00a0 \u00a0 \u00a0 \u00a0 \u00a0 \u00a0 \u00a0 \u00a0<\/p>\n","protected":false},"author":427,"featured_media":0,"parent":0,"menu_order":0,"comment_status":"closed","ping_status":"closed","template":"","meta":[],"acf":[],"_links":{"self":[{"href":"https:\/\/isfd97-bue.infd.edu.ar\/sitio\/wp-json\/wp\/v2\/pages\/882"}],"collection":[{"href":"https:\/\/isfd97-bue.infd.edu.ar\/sitio\/wp-json\/wp\/v2\/pages"}],"about":[{"href":"https:\/\/isfd97-bue.infd.edu.ar\/sitio\/wp-json\/wp\/v2\/types\/page"}],"author":[{"embeddable":true,"href":"https:\/\/isfd97-bue.infd.edu.ar\/sitio\/wp-json\/wp\/v2\/users\/427"}],"replies":[{"embeddable":true,"href":"https:\/\/isfd97-bue.infd.edu.ar\/sitio\/wp-json\/wp\/v2\/comments?post=882"}],"version-history":[{"count":4,"href":"https:\/\/isfd97-bue.infd.edu.ar\/sitio\/wp-json\/wp\/v2\/pages\/882\/revisions"}],"predecessor-version":[{"id":1584,"href":"https:\/\/isfd97-bue.infd.edu.ar\/sitio\/wp-json\/wp\/v2\/pages\/882\/revisions\/1584"}],"wp:attachment":[{"href":"https:\/\/isfd97-bue.infd.edu.ar\/sitio\/wp-json\/wp\/v2\/media?parent=882"}],"curies":[{"name":"wp","href":"https:\/\/api.w.org\/{rel}","templated":true}]}}