{"id":890,"date":"2018-08-29T15:54:03","date_gmt":"2018-08-29T18:54:03","guid":{"rendered":"https:\/\/isfd97-bue.infd.edu.ar\/sitio\/autoridades\/"},"modified":"2024-12-18T17:18:23","modified_gmt":"2024-12-18T20:18:23","slug":"autoridades","status":"publish","type":"page","link":"https:\/\/isfd97-bue.infd.edu.ar\/sitio\/autoridades\/","title":{"rendered":"Autoridades"},"content":{"rendered":"<h2><span style=\"font-family: arial,helvetica,sans-serif; color: #cc6600; font-size: 12pt;\">Directora: Prof. Sara Martin<\/span><\/h2>\n<h2><span style=\"font-family: arial,helvetica,sans-serif; color: #cc6600; font-size: 12pt;\">Vicedirectora: Prof. Diana Valdez Avalos<\/span><\/h2>\n<h2><span style=\"font-family: arial,helvetica,sans-serif; color: #cc6600; font-size: 12pt;\">Secretaria: Biblio. Adriana Cardini<\/span><\/h2>\n<h2><span style=\"font-family: arial,helvetica,sans-serif; color: #cc6600; font-size: 12pt;\">Prosecretaria: Prof. Sandra Mur\u00faa<\/span><\/h2>\n<h2><span style=\"font-family: arial,helvetica,sans-serif; color: #cc6600; font-size: 12pt;\">Jefe de \u00c1rea del Prof. en Ingl\u00e9s: Prof. Patricia Guzm\u00e1n<\/span><\/h2>\n","protected":false},"excerpt":{"rendered":"<p>Directora: Prof. Sara Martin Vicedirectora: Prof. Diana Valdez Avalos Secretaria: Biblio. Adriana Cardini Prosecretaria: Prof. Sandra Mur\u00faa Jefe de \u00c1rea del Prof. en Ingl\u00e9s: Prof. Patricia Guzm\u00e1n<\/p>\n","protected":false},"author":427,"featured_media":0,"parent":0,"menu_order":0,"comment_status":"closed","ping_status":"closed","template":"","meta":[],"acf":[],"_links":{"self":[{"href":"https:\/\/isfd97-bue.infd.edu.ar\/sitio\/wp-json\/wp\/v2\/pages\/890"}],"collection":[{"href":"https:\/\/isfd97-bue.infd.edu.ar\/sitio\/wp-json\/wp\/v2\/pages"}],"about":[{"href":"https:\/\/isfd97-bue.infd.edu.ar\/sitio\/wp-json\/wp\/v2\/types\/page"}],"author":[{"embeddable":true,"href":"https:\/\/isfd97-bue.infd.edu.ar\/sitio\/wp-json\/wp\/v2\/users\/427"}],"replies":[{"embeddable":true,"href":"https:\/\/isfd97-bue.infd.edu.ar\/sitio\/wp-json\/wp\/v2\/comments?post=890"}],"version-history":[{"count":6,"href":"https:\/\/isfd97-bue.infd.edu.ar\/sitio\/wp-json\/wp\/v2\/pages\/890\/revisions"}],"predecessor-version":[{"id":1605,"href":"https:\/\/isfd97-bue.infd.edu.ar\/sitio\/wp-json\/wp\/v2\/pages\/890\/revisions\/1605"}],"wp:attachment":[{"href":"https:\/\/isfd97-bue.infd.edu.ar\/sitio\/wp-json\/wp\/v2\/media?parent=890"}],"curies":[{"name":"wp","href":"https:\/\/api.w.org\/{rel}","templated":true}]}}